by 115?
68
What is the remainder when 283 is divided by 143?
140
Calculate the remainder when 181 is divided by 130.
51
What is the remainder when 697 is divided by 32?
25
What is the remainder when 421 is divided by 60?
1
What is the remainder when 334 is divided by 92?
58
What is the remainder when 96 is divided by 34?
28
Calculate the remainder when 1430 is divided by 140.
30
Calculate the remainder when 9296 is divided by 30.
26
Calculate the remainder when 163 is divided by 46.
25
What is the remainder when 887 is divided by 37?
36
Calculate the remainder when 938 is divided by 21.
14
What is the remainder when 2100 is divided by 19?
10
Calculate the remainder when 1283 is divided by 92.
87
What is the remainder when 6088 is divided by 265?
258
What is the remainder when 29067 is divided by 52?
51
Calculate the remainder when 130 is divided by 33.
31
What is the remainder when 371 is divided by 96?
83
Calculate the remainder when 2875 is divided by 958.
1
Calculate the remainder when 352 is divided by 7.
2
What is the remainder when 335 is divided by 37?
2
What is the remainder when 958 is divided by 10?
8
Calculate the remainder when 989 is divided by 494.
1
What is the remainder when 19 is divided by 11?
8
What is the remainder when 262 is divided by 19?
15
What is the remainder when 3993 is divided by 39?
15
Calculate the remainder when 1281 is divided by 159.
9
What is the remainder when 2213 is divided by 20?
13
Calculate the remainder when 72 is divided by 20.
12
Calculate the remainder when 350 is divided by 42.
14
Calculate the remainder when 740 is divided by 713.
27
Calculate the remainder when 370 is divided by 47.
41
What is the remainder when 45 is divided by 17?
11
Calculate the remainder when 66 is divided by 25.
16
What is the remainder when 1005 is divided by 101?
96
Calculate the remainder when 434 is divided by 34.
26
What is the remainder when 282 is divided by 88?
18
What is the remainder when 165 is divided by 129?
36
What is the remainder when 1469 is divided by 106?
91
Calculate the remainder when 204 is divided by 101.
2
Calculate the remainder when 124 is divided by 45.
34
Calculate the remainder when 61 is divided by 21.
19
Calculate the remainder when 834 is divided by 31.
28
Calculate the remainder when 30471 is divided by 53.
49
Calculate the remainder when 1378 is divided by 12.
10
What is the remainder when 2579 is divided by 38?
33
Calculate the remainder when 30 is divided by 20.
10
What is the remainder when 8 is divided by 3?
2
What is the remainder when 102 is divided by 15?
12
What is the remainder when 1106 is divided by 271?
22
What is the remainder when 174 is divided by 30?
24
What is the remainder when 802 is divided by 35?
32
What is the remainder when 1094 is divided by 157?
152
What is the remainder when 2434 is divided by 84?
82
Calculate the remainder when 103 is divided by 33.
4
Calculate the remainder when 8916 is divided by 40.
36
What is the remainder when 95 is divided by 4?
3
What is the remainder when 8169 is divided by 2718?
15
Calculate the remainder when 563 is divided by 12.
11
What is the remainder when 341 is divided by 3?
2
Calculate the remainder when 2241 is divided by 17.
14
What is the remainder when 45 is divided by 5?
0
Calculate the remainder when 497 is divided by 125.
122
What is the remainder when 1679 is divided by 84?
83
Calculate the remainder when 25 is divided by 9.
7
What is the remainder when 393 is divided by 18?
15
Calculate the remainder when 819 is divided by 223.
150
What is the remainder when 33207 is divided by 41?
38
Calculate the remainder when 16 is divided by 9.
7
Calculate the remainder when 64 is divided by 28.
8
Calculate the remainder when 26757 is divided by 12.
9
Calculate the remainder when 87 is divided by 24.
15
What is the remainder when 2502 is divided by 15?
12
What is the remainder when 85 is divided by 34?
17
What is the remainder when 1325 is divided by 330?
5
Calculate the remainder when 172 is divided by 69.
34
Calculate the remainder when 88 is divided by 76.
12
What is the remainder when 1874 is divided by 25?
24
What is the remainder when 313 is divided by 73?
21
Calculate the remainder when 195 is divided by 18.
15
Calculate the remainder when 230 is divided by 117.
113
Calculate the remainder when 111 is divided by 42.
27
What is the remainder when 1220 is divided by 111?
110
What is the remainder when 19367 is divided by 10?
7
What is the remainder when 241 is divided by 120?
1
Calculate the remainder when 810 is divided by 89.
9
What is the remainder when 1856 is divided by 12?
8
What is the remainder when 104 is divided by 35?
34
What is the remainder when 6421 is divided by 126?
121
What is the remainder when 5279 is divided by 160?
159
What is the remainder when 175 is divided by 39?
19
Calculate the remainder when 661 is divided by 537.
124
What is the remainder when 101 is divided by 52?
49
What is the remainder when 298 is divided by 61?
54
What is the remainder when 169 is divided by 73?
23
What is the remainder when 57 is divided by 31?
26
What is the remainder when 535 is divided by 135?
130
What is the remainder when 473 is divided by 119?
116
What is the remainder when 83 is divided by 15?
8
What is the remainder when 251 is divided by 61?
7
Calculate the remainder when 7441 is divided by 61.
60
What is the remainder when 1486 is divided by 736?
14
What is the remainder when 126 is divided by 104?
22
Calculate the remainder when 503 is divided by 15.
8
What is the remainder when 741 is divided by 147?
6
What is the remainder when 2823 is divided by 257?
253
What is the remainder when 8603 is divided by 13?
10
Calculate the remainder when 343 is divided by 36.
19
What is the remainder when 74 is divided by 33?
8
What is the remainder when 1490 is divided by 1483?
7
What is the remainder when 54 is divided by 21?
12
What is the remainder when 832 is divided by 6?
4
What is the remainder when 335 is divided by 16?
15
Calculate the remainder when 175 is divided by 31.
20
Calculate the remainder when 154 is divided by 136.
18
Calculate the remainder when 3574 is divided by 49.
46
Calculate the remainder when 601 is divided by 131.
77
Calculate the remainder when 209 is divided by 42.
41
Calculate the remainder when 14544 is divided by 58.
44
What is the remainder when 123 is divided by 92?
31
What is the remainder when 9398 is divided by 33?
26
What is the remainder when 9 is divided by 5?
4
Calculate the remainder when 1485 is divided by 352.
77
What is the remainder when 531 is divided by 89?
86
What is the remainder when 291 is divided by 74?
69
Calculate the remainder when 751 is divided by 16.
15
Calculate the remainder when 601 is divided by 14.
13
Calculate the remainder when 81 is divided by 60.
21
What is the remainder when 158 is divided by 55?
48
Calculate the remainder when 207 is divided by 74.
59
Calculate the remainder when 50 is divided by 29.
21
What is the remainder when 507 is divided by 14?
3
Calculate the remainder when 1054 is divided by 348.
10
Calculate the remainder when 332 is divided by 18.
8
What is the remainder when 187 is divided by 5?
2
What is the remainder when 75 is divided by 36?
3
Calculate the remainder when 144 is divided by 38.
30
Calculate the remainder when 373 is divided by 186.
1
Calculate the remainder when 22 is divided by 14.
8
What is the remainder when 454 is divided by 17?
12
What is the remainder when 297 is divided by 99?
0
What is the remainder when 92 is divided by 31?
30
Calculate the remainder when 253 is divided by 132.
121
Calculate the remainder when 21 is divided by 18.
3
Calculate the remainder when 2500 is divided by 147.
1
What is the remainder when 98 is divided by 19?
3
What is the remainder when 753 is divided by 751?
2
Calculate the remainder when 960 is divided by 224.
64
Calculate the remainder when 3343 is divided by 27.
22
What is the remainder when 1821 is divided by 57?
54
What is the remainder when 10429 is divided by 149?
148
What is the remainder when 4843 is divided by 1613?
4
Calculate the remainder when 112 is divided by 54.
4
Calculate the remainder when 2165 is divided by 7.
2
What is the remainder when 85 is divided by 22?
19
What is t